 + 11*n + 10. Let l(i) = 1. Let m(k) = -2*l(k) + s(k). What is the units digit of m(-7)?
9
Let o = -22 - -24. Suppose 3*p - k - 10 = -p, 2 = -p - o*k. Suppose -a + p = a. What is the units digit of a?
1
Suppose -5*u = 2*r - 7368, -5*u + 11783 = 3*r + 4411. What is the units digit of u?
2
Suppose 1291 = 4*j + 391. What is the hundreds digit of j?
2
Let v(b) = 28*b**2 - 6*b + 129. What is the tens digit of v(-9)?
5
Suppose -22*v + 9982 = -8*v. What is the units digit of v?
3
Suppose 3*s + 5*d - 1303 = 0, 5*s - 2145 = 7*d - 10*d. What is the hundreds digit of s?
4
What is the units digit of (-8087)/(-11) - (-96)/(-528)?
5
Suppose 2*d = 5*b + 988, 4*d - 4*b - 1976 = -6*b. What is the units digit of d?
4
Let y = -348 - -672. What is the hundreds digit of y?
3
Let g(l) = 2*l - 27. Let v be g(5). Suppose -5*f = -2*f - 9. What is the units digit of (-6)/9 - v/f?
5
Let o(n) = 14 + 5 - 6 + 4*n. What is the tens digit of o(9)?
4
Let i be (-658)/(-8) - (14/8)/7. Let f = 190 - i. What is the hundreds digit of f?
1
Let o(t) = 62*t**2 + 3*t + 3. Let w be o(2). Let q = w + -145. What is the hundreds digit of q?
1
Let v = 31 - -79. What is the units digit of 1*(-1 + v) - 1?
8
Suppose -2692 = -5*r + i, 5*i = 5*r - 3*r - 1086. What is the tens digit of r?
3
Let z be 2/((-2)/(-61)) - -4. Suppose -5*n = -10*n + 170. Let u = z - n. What is the tens digit of u?
3
Let j(p) be the second derivative of p**2/2 + 4*p. Let g(a) = 25*a - 7. Let u(y) = g(y) + 3*j(y). What is the tens digit of u(2)?
4
Suppose m - 5*m - 4*s = -1712, -1 = -s. What is the tens digit of m?
2
Let x = -6 + 11. Suppose b - 12 = -4*o, x*o - b - 4 = -5*b. Suppose -3*g + 77 = o*n, -3*g + 41 - 10 = 2*n. What is the tens digit of n?
2
Suppose -28266 - 6174 = -42*o. What is the hundreds digit of o?
8
Suppose 4*q - 5 - 7 = 0. Suppose 0*w + q*w = 207. Let s = w - 41. What is the units digit of s?
8
Suppose -8*o = -m - 4*o - 20, -5*o = 5. Let a(f) = -f**3 - 25*f**2 - 26*f + 3. What is the units digit of a(m)?
1
Suppose -12*m - 1134 = -18*m. What is the tens digit of m?
8
Suppose 296 - 16 = -5*q. Let h = -69 - -31. Let w = h - q. What is the units digit of w?
8
Suppose -2*o = -0*o + f - 9, 4*o + 3*f = 21. Suppose 5*p = o*v + 1078, 3*v = -5*p + 291 + 811. What is the units digit of p?
8
Let o(j) = 27*j**2 - 25*j + 41. What is the units digit of o(-6)?
3
Suppose -14*o + 1375 + 1103 = 0. What is the units digit of o?
7
Let w be 4610/35 + (-2)/(-7). Suppose 5*n + 6*h = 2*h + 343, -2*n = -h - w. What is the tens digit of n?
6
Let z(k) = -k**3 + 12*k**2 - 9*k - 15. Let m be z(11). Suppose 515 = m*n - 1270. What is the hundreds digit of n?
2
Suppose -3*c + 0*c + 408 = 0. Let f = 251 - c. What is the tens digit of f?
1
What is the tens digit of 0*12/(-48) + 844*1?
4
Suppose 11*j + 5 = 16*j. Let m(p) = 54*p**3 - 2*p**2 - p + 2. What is the tens digit of m(j)?
5
Let b = -110 - -104. What is the units digit of 20/3*(b + 144/20)?
8
Let s(a) = -235*a + 45. What is the hundreds digit of s(-10)?
3
Let i be (2 + 2)/(-4) + -13. Let d = -22 - i. What is the units digit of 4/d*-2*31?
1
Suppose -p + 3 = -5*l, 3*p + 5*l = 2*p + 3. Suppose 0*q - p*q = 3, -j = 2*q - 234. What is the units digit of j?
6
Suppose 3*c + 4009 = 4*s, 32*s - 34*s + c + 2005 = 0. What is the hundreds digit of s?
0
Let y(f) = -15*f**3 - 5*f**2 - 15*f - 29. What is the units digit of y(-3)?
6
Suppose -a - 3 = 0, 2*g - 5*a + 1165 = -2*g. Let j = -189 - g. What is the hundreds digit of j?
1
Suppose 1500 = 4*p - 4*d, -171 = -2*p - 2*d + 575. What is the units digit of p?
4
Let z be 2*3*(115/15 + -7). Let v(r) = r**3 + 5*r**2 + 4*r - 8. What is the tens digit of v(z)?
5
Suppose -13*z + 2201 = -165. What is the hundreds digit of z?
1
Let d(h) = 15*h**2 - 6*h + 12. Let r(t) = 2*t**2 - 13*t + 9. Let j be r(6). What is the hundreds digit of d(j)?
1
Let q(k) = 12. Let u(o) = -o - 23. Let i(r) = 5*q(r) + 3*u(r). Suppose 5*w - 5*f + 35 = 0, -2*w - 2*w + 2*f - 34 = 0. What is the units digit of i(w)?
1
Suppose -3*b = 5*j - 1458, -j - 5*b = 4*j - 1450. What is the tens digit of j?
9
Suppose 10*i = 427 + 993. What is the units digit of i?
2
Let g(h) = -4*h - 3*h**2 + 22*h + 2*h**2 - 3. What is the tens digit of g(11)?
7
Let a(c) = -9 - 9*c - 12*c + 8 + 8*c. What is the tens digit of a(-4)?
5
Let k = 633 - 500. What is the hundreds digit of k?
1
Suppose 2233 = 34*a - 27*a. What is the hundreds digit of a?
3
Let j(w) = 2*w - 1. Let s be j(4). Let m be 11 - (2 + -11 + 3). Let u = m - s. What is the tens digit of u?
1
Let o = -71 - -221. Suppose -5*i - 5*q = -o, 2*i + 20 = -5*q + 71. What is the units digit of i?
3
Let s be (6/3 - 2)/1. Let t(u) = -u**3 - u**2 + 2*u + 132. What is the hundreds digit of t(s)?
1
Suppose -453 = -q - 5*u, 5*q + 11*u - 15*u - 2323 = 0. What is the hundreds digit of q?
4
Let z(c) = -c**3 + 866. What is the units digit of z(0)?
6
Let n = -10 - -11. Let v(g) = 69*g - 1. What is the tens digit of v(n)?
6
Suppose 439*f - 448*f + 6750 = 0. What is the tens digit of f?
5
Let g be 84 - 3*4/12. Let f = g + -25. What is the tens digit of f?
5
Suppose 8*n - 2*n - 24 = 0. Suppose -11*v = -n*v - 378. What is the units digit of v?
4
Suppose v = -4*j - 0*j + 9, 0 = -j + 3*v + 12. Suppose j*f = -2*q + 227, 4*q - 8 = 8. What is the tens digit of f?
7
Suppose 4*q = 3*q. Suppose q = -5*i - 0*i + 60. What is the units digit of i?
2
Suppose 0 = 2*c - 4*l - 432, 0*l = 2*c - l - 429. Suppose -6*q = -80 - c. What is the units digit of q?
9
Let s be 1*(1 - 2 - -12). Suppose 0 = -9*f + 13*f + 20. Let z = s - f. What is the tens digit of z?
1
Suppose -7*j + 24 = -2*c - 5*j, -2*c + 5*j - 36 = 0. Let z(o) = 2*o**2 + 16*o + 41. What is the tens digit of z(c)?
4
Let b be 2*(-22)/(-4)*1. Suppose -82 = 10*r - b*r. What is the tens digit of r?
8
Let j = 71 + -50. Let w = j - 12. Suppose w + 42 = z. What is the units digit of z?
1
Let n = 23 + -20. Suppose i = 2*w - n*i - 156, -2*w - i = -171. Suppose -3*c = -3*x + w, 2*x = 3*c + 14 + 47. What is the tens digit of x?
2
Let z(d) = -d**3 - 8*d**2 + 10*d + 9. Let q be z(-9). Suppose -a = -q*a - 16. What is the tens digit of a?
1
Suppose 36 = 18*x - 6*x. Suppose -x*l + 48 = -3. What is the units digit of l?
7
Suppose -d = 2*r - 3393, -r + d = 3*r - 6771. What is the tens digit of r?
9
Suppose 3*w = 4*t - 2, 11 = -4*w - 0*t - 3*t. Let l be 4 + (w - 1)/(-3). Let b = l - -12. What is the units digit of b?
7
Suppose 12 = 3*n, 0*y - 4*n + 10 = y. Let p be (-20)/8*y/5. Suppose p*g - 8*g + 10 = 0. What is the units digit of g?
2
What is the units digit of (-3)/(-24)*-4*-656 + -4?
4
Let y(d) = -7*d - 2. Let h be y(-1). Let i(r) = 3*r**2 - 7*r. What is the units digit of i(h)?
0
What is the hundreds digit of (5/(-50)*12)/(2/(-1775))?
0
Suppose 0 = 4*z - 304 - 376. Suppose -6*u - z = -u. Let p = u - -49. What is the units digit of p?
5
Suppose r = 8*q - 6*q + 1978, -2*q = 5*r - 9854. What is the hundreds digit of r?
9
Suppose -4*n + 304 + 460 = 0. Suppose -n = -3*w - 77. What is the tens digit of w?
3
Let g(n) be the third derivative of 5*n**4/12 + 3*n**2. Let x be g(-4). Let h = x + 78. What is the tens digit of h?
3
Let v(n) = 54*n**3 - n**2 + 14*n - 49. What is the thousands digit of v(3)?
1
What is the thousands digit of 3828/2*114/171?
1
Suppose 19*u - 441 = 12*u. What is the hundreds digit of (u/(-21))/((-3)/223)?
2
Let r = 144 + -137. Let a(s) = 5*s - 1. Let f be a(6). Let w = f - r. What is the units digit of w?
2
Suppose 5 = 3*j - v + 5*v, -3*j + 41 = -5*v. Let u(h) = -h**3 + 7*h**2 + 4*h + 9. What is the tens digit of u(j)?
3
Suppose -5*g + 3*g = 3*l - 38, -2*l + 20 = g. Suppose 2*k = -5*u - 13, 0 = -4*k - 0 - g. What is the units digit of (-3 + (-1)/1)/u?
4
Let u = 1154 - 1140. What is the tens digit of u?
1
Let n be 1*-51 + 2 + 3. Let o = 107 + n. What is the tens digit of o?
6
Suppose 0*f + 4*s = 5*f + 22, 0 = -4*s + 12. Let y(u) = -2*u**3 - 2*u**2 + 3. What is the units digit of y(f)?
1
Let u = 37 - 38. Let y = u + 133. What is the tens digit of y?
3
What is the units digit of (-4 - 3857)/(-1) + -7?
4
Suppose 0*q + 12 = 3*q. Suppose -q*s = -4*a + 204, 0 = -5*a + 3*s - 5*s + 241. What is the units digit of a?
9
What is the tens digit of 40764/86 - (-1)/2*-2?
7
Let g(a) = 3*a**2 + 85. What is the tens digit of g(-13)?
9
Let u(b